digit of 600171725?
5
What is the hundreds digit of 395525815?
8
What is the hundred thousands digit of 331363815?
3
What is the units digit of 382159965?
5
What is the ten thousands digit of 1709665335?
6
What is the hundred thousands digit of 470242330?
2
What is the hundred thousands digit of 104919110?
9
What is the ten millions digit of 2954806660?
5
What is the ten millions digit of 175488026?
7
What is the tens digit of 6880755463?
6
What is the tens digit of 839464669?
6
What is the hundred millions digit of 166732010?
1
What is the thousands digit of 22860466?
0
What is the hundred thousands digit of 668443098?
4
What is the hundred millions digit of 1043142042?
0
What is the thousands digit of 135196520?
6
What is the thousands digit of 1330767503?
7
What is the thousands digit of 56521385?
1
What is the ten thousands digit of 47205261?
0
What is the units digit of 174392214?
4
What is the hundreds digit of 594068618?
6
What is the tens digit of 89448057?
5
What is the hundred millions digit of 379152798?
3
What is the hundred thousands digit of 315818284?
8
What is the ten thousands digit of 381021406?
2
What is the millions digit of 241682918?
1
What is the hundred thousands digit of 327449837?
4
What is the hundred millions digit of 286386327?
2
What is the hundred thousands digit of 126548873?
5
What is the hundred thousands digit of 25243034?
2
What is the hundred thousands digit of 29175597?
1
What is the thousands digit of 564671514?
1
What is the units digit of 1887295220?
0
What is the ten thousands digit of 2271670715?
7
What is the units digit of 2255813251?
1
What is the ten thousands digit of 310814030?
1
What is the ten millions digit of 3210283122?
1
What is the hundred millions digit of 1711760187?
7
What is the thousands digit of 22182226?
2
What is the ten thousands digit of 30552685?
5
What is the ten millions digit of 37672694?
3
What is the hundred thousands digit of 42108265?
1
What is the hundred millions digit of 170121260?
1
What is the thousands digit of 357293241?
3
What is the units digit of 78464548?
8
What is the thousands digit of 18435940?
5
What is the millions digit of 119013674?
9
What is the units digit of 2696778795?
5
What is the ten thousands digit of 49153233?
5
What is the units digit of 531630331?
1
What is the tens digit of 387227088?
8
What is the thousands digit of 57533475?
3
What is the thousands digit of 96113320?
3
What is the hundreds digit of 140421377?
3
What is the ten thousands digit of 257972648?
7
What is the millions digit of 14762421?
4
What is the millions digit of 2072492853?
2
What is the hundreds digit of 212005941?
9
What is the tens digit of 519001075?
7
What is the hundred millions digit of 894146718?
8
What is the hundreds digit of 28561307?
3
What is the tens digit of 1128226373?
7
What is the units digit of 404184626?
6
What is the millions digit of 534643249?
4
What is the thousands digit of 270305456?
5
What is the tens digit of 4129822851?
5
What is the hundred thousands digit of 1395418746?
4
What is the thousands digit of 5930949174?
9
What is the hundred thousands digit of 275076198?
0
What is the ten thousands digit of 296907868?
0
What is the ten thousands digit of 704297622?
9
What is the hundreds digit of 1246614271?
2
What is the ten millions digit of 1129153103?
2
What is the hundred thousands digit of 381770712?
7
What is the hundred thousands digit of 3699237181?
2
What is the ten millions digit of 4038867693?
3
What is the hundred thousands digit of 151851897?
8
What is the tens digit of 53087218?
1
What is the ten thousands digit of 1924943713?
4
What is the hundreds digit of 15401432?
4
What is the millions digit of 129510646?
9
What is the tens digit of 17684334?
3
What is the ten thousands digit of 251382518?
8
What is the thousands digit of 1969399004?
9
What is the millions digit of 2773788713?
3
What is the tens digit of 3323171607?
0
What is the millions digit of 5936257303?
6
What is the ten millions digit of 1963484353?
6
What is the hundred thousands digit of 392085801?
0
What is the units digit of 957256134?
4
What is the ten thousands digit of 2507768883?
6
What is the hundred thousands digit of 201465136?
4
What is the hundreds digit of 533336572?
5
What is the thousands digit of 894682567?
2
What is the thousands digit of 52721215?
1
What is the hundreds digit of 845324619?
6
What is the hundreds digit of 213476722?
7
What is the hundred thousands digit of 94154360?
1
What is the thousands digit of 1104124947?
4
What is the thousands digit of 16932254?
2
What is the billions digit of 1967782106?
1
What is the hundred thousands digit of 185425685?
4
What is the thousands digit of 195630884?
0
What is the ten thousands digit of 44653647?
5
What is the units digit of 541657941?
1
What is the ten thousands digit of 1917320?
1
What is the hundred millions digit of 861604320?
8
What is the units digit of 85784304?
4
What is the ten thousands digit of 153967898?
6
What is the millions digit of 1779533072?
9
What is the billions digit of 5626630530?
5
What is the millions digit of 2066702842?
6
What is the millions digit of 28842531?
8
What is the hundred millions digit of 2219295592?
2
What is the thousands digit of 8299474?
9
What is the ten thousands digit of 140067137?
6
What is the billions digit of 2916963128?
2
What is the tens digit of 171528543?
4
What is the hundreds digit of 15786534?
5
What is the hundred thousands digit of 77495641?
4
What is the tens digit of 178102200?
0
What is the thousands digit of 2789557581?
7
What is the hundred thousands digit of 35695427?
6
What is the millions digit of 1804376538?
4
What is the ten thousands digit of 25139895?
3
What is the hundred millions digit of 4108325171?
1
What is the millions digit of 87066533?
7
What is the tens digit of 622897828?
2
What is the thousands digit of 62583264?
3
What is the units digit of 52349297?
7
What is the ten thousands digit of 512462658?
6
What is the units digit of 1663385110?
0
What is the tens digit of 495384418?
1
What is the hundred millions digit of 184563088?
1
What is the ten millions digit of 67346748?
6
What is the ten millions digit of 467206843?
6
What is the ten millions digit of 584126281?
8
What is the thousands digit of 328839261?
9
What is the units digit of 52393150?
0
What is the thousands digit of 55522156?
2
What is the hundreds digit of 2477727832?
8
What is the thousands digit of 99565219?
5
What is the tens digit of 415371626?
2
What is the units digit of 1783648422?
2
What is the millions digit of 479290902?
9
What is the thousands digit of 48479846?
9
What is the hundreds digit of 1912885176?
1
What is the billions digit of 2730784995?
2
What is the billions digit of 3984511109?
3
What is the thousands digit of 68871148?
1
What is the thousands digit of 290407?
0
What is the hundreds digit of 541097149?
1
What is the hundred thousands digit of 1246252953?
2
What is the hundreds digit of 8957249?
2
What is the thousands digit of 51959642?
9
What is the hundred thousands digit of 51874645?
8
What is the units digit of 492855104?
4
What is the ten thousands digit of 15397025?
9
What is the tens digit of 568307146?
4
What is the units digit of 7207824?
4
What is the hundred millions digit of 819923983?
8
What is the ten millions digit of 239387243?
3
What is the ten thousands digit of 46832820?
3
What is the hundred thousands digit of 16801211?
8
What is the ten millions digit of 55724037?
5
What is the thousands digit of 351156949?
6
What is the thousands digit of 2049313195?
3
What is the ten thousands digit of 98487068?
8
What is the ten millions digit of 4361276864?
6
What is the thousands digit of 261295393?
5
What is the ten thousands digit of 2158367281?
6
What is the millions digit of 5690651540?
0
What is the units digit of 1273238348?
8
What is the hundred millions digit of 456056752?
4
What is the hundreds digit of 200991407?
4
What is the ten millions digit of 307374483?
0
What is the ten thousands digit of 623132858?
3
What is the ten thousands digit of 3072166404?
6
What is the hundred millions digit of 2964934341?
9
What is the ten thousands digit of 125670465?
7
What is the hundred millions digit of 4032026789?
0
Wh